0)) a prime number?
True
Suppose i + 4*v = 25, i - 4*v + 4 + 3 = 0. Let a = i - 5. Suppose -2*p - 51 = -o, 3*o + 0*o - 153 = -a*p. Is o composite?
True
Is -4*1/10 - (-1594)/10 composite?
True
Suppose 4*s - 22 = 66. Is s a composite number?
True
Let o = 505 - 236. Is o composite?
False
Let y be 1*4/(4/49). Suppose y = -3*r + 316. Suppose -2*u - 51 = -4*j + r, -u = 5*j - 175. Is j prime?
False
Suppose -2*x = s - 127, -3*x - 3*s = -4*s - 183. Suppose a = 3 + x. Is a prime?
False
Suppose -4*o = -2153 + 201. Is (-4)/8*2 + o a composite number?
False
Let a = 354 - 169. Is a prime?
False
Let x = -56 + 114. Is x composite?
True
Suppose d + d = 38. Is d a composite number?
False
Suppose -383 = -5*i + 147. Suppose 887 = 3*y - i. Is y prime?
True
Let v = 311 - 214. Is v prime?
True
Let b be 2/(-6) + (-49)/(-3). Let t = b - 10. Suppose 166 = t*j - 4*j. Is j prime?
True
Suppose 0 = b + 3*b - 8. Suppose b*k = k. Suppose 10 = 2*y + r, k = 2*y - 3*r + r - 22. Is y a prime number?
True
Let b = 813 - -158. Is b prime?
True
Let w be (-2)/(-2*1 - 0). Suppose 0 - w = -d. Is d + (0 - 36/(-1)) prime?
True
Suppose 2*g + 2523 = 5*c, -g - 2503 = -5*c - 4*g. Is c a composite number?
False
Let j = -382 + 660. Is j composite?
True
Is 4/(-18)*3 + (-72286)/(-6) a prime number?
False
Let i(z) = 11*z**3 - 5*z + 9. Is i(3) a composite number?
True
Let w = -569 + 924. Is w a composite number?
True
Let x(o) = o**2 - 17*o - 15. Is x(-14) composite?
False
Suppose -3*d - 34 = -415. Is d a prime number?
True
Suppose -1155 = -5*d - 10*d. Is d prime?
False
Suppose 4*i + 402 = 6*i. Is i a composite number?
True
Suppose -15 = -4*d - d. Suppose d*b - 21 = -0*b. Is b a composite number?
False
Let t be 15/12*(0 + 4). Suppose 4*p + 3*m = 13, 4*m - 18 + 1 = -t*p. Is 1 - (2 + p) - -35 a composite number?
True
Let g(u) = -45*u + 20. Let q(p) = -9*p + 4. Let w(a) = -2*g(a) + 11*q(a). Is w(-7) a composite number?
False
Let k be 3/2 - (-67)/2. Suppose 2*h - 3*s = -0*s + 97, 9 = -3*s. Let t = k + h. Is t a composite number?
False
Suppose 4*u - 1166 = -2*p, 2*u = -0*u + 2*p + 568. Is u a prime number?
False
Is 31 + -1 + (6 - (1 + 2)) a composite number?
True
Let t be (-10)/((-2 - -1) + -1). Suppose t*i - 5*s + 2 = -13, -5*s = -15. Suppose 5*a - 91 + 16 = i. Is a composite?
True
Let x(d) = -d**2 - 6*d - 3. Let u be x(-4). Suppose c + 791 = u*n, 2*c + 636 = 4*n - 2*c. Suppose -4*o - 26 = -n. Is o a composite number?
True
Suppose 41 = 3*p - 142. Let v = 253 + p. Is v prime?
False
Let k be 5/15 - 118/(-6). Suppose -k = -4*r + 5*s - 0, r - 16 = 4*s. Suppose r*m = -m + 38. Is m a composite number?
True
Let q(i) be the first derivative of i**6/60 - i**5/40 + i**4/24 - 2*i**3/3 + 3. Let d(k) be the third derivative of q(k). Is d(2) prime?
True
Let c be (1*1/1)/(-1). Let o = c + 3. Suppose o*x + 76 = 6*x. Is x a composite number?
False
Let x = 0 - -13. Suppose 2*l + x = 3*i + 72, 0 = -5*i - 15. Is l a composite number?
True
Let g(x) = -3*x. Let n be g(-6). Suppose -z = z - n. Is z a composite number?
True
Suppose 11 + 4 = -2*b + p, -b + 3 = -4*p. Let k = b - -58. Is k a prime number?
False
Suppose 2*a - 57 = -4*l + 95, -2*a + 4 = 0. Is l a prime number?
True
Let g(p) = 20*p + 31. Is g(9) prime?
True
Let c = 2 - -2. Let z(x) = x**3 + 1 + 2*x - 4*x**2 + 2*x**3 - 2*x**3. Is z(c) composite?
True
Suppose m - 534 = 4*m. Let b be 3 + -2 + 38/1. Let c = b - m. Is c composite?
True
Let k(c) = 1466*c**2 + 3*c + 2. Is k(-1) a prime number?
False
Let w be (-2)/(-1 - 0 - 1). Let r be 35/15*(w + -7). Is -1 - (r + 0) - 2 a prime number?
True
Let s = 3458 + -1263. Is s composite?
True
Is 9/((-18)/(-160)) - 3 a prime number?
False
Suppose 6*g = 2*g. Suppose 249 = 3*u - g. Is u prime?
True
Suppose -159 = 43*f - 44*f. Is f prime?
False
Let r = -620 + 1047. Suppose r = 4*x + 159. Is x a composite number?
False
Let r(w) be the first derivative of -w**5/20 + w**4/24 - 2*w**3/3 - 4. Let m(s) be the third derivative of r(s). Is m(-6) a composite number?
False
Let i be (33/(-2))/((-1)/2). Let g = i - 4. Is (-4 + -2)*g/(-2) prime?
False
Let g(x) = x + 5. Let r = 1 - 6. Let z be g(r). Suppose -4*m = -z*m - 28. Is m a composite number?
False
Suppose 3*f = -0*r + 2*r - 838, r = 4*f + 419. Is r composite?
False
Let k(d) = -4*d + 7. Let m be k(5). Suppose 0 = 3*g + 3 + 6. Let y = g - m. Is y prime?
False
Suppose -b + 0*b + 6 = 0. Let r(v) = b*v**2 + 5*v**2 + v + 4*v**2. Is r(-1) prime?
False
Suppose -5*x + 27 = -68. Is x a composite number?
False
Is ((-254)/(-8))/((-1)/(-4)) prime?
True
Suppose 4*n = 3*k - 1 + 6, -2*n + k = -5. Suppose 827 + 98 = n*r. Is r prime?
False
Suppose 9*c + 35 = 4*c. Let u = 9 + c. Let l = u - -89. Is l prime?
False
Let h = 14814 - 9953. Is h a composite number?
False
Let s = -5 - -9. Suppose s*x - z - 3 = -45, 28 = -2*x + 4*z. Let w = x - -29. Is w a prime number?
True
Is -1 + -2 + 32 + 5 composite?
True
Let y = 303 + -185. Let v = y - -181. Is v prime?
False
Let c(k) = 49*k**2 + 3*k. Let m(a) = -a + 3. Let j be m(5). Let r be c(j). Suppose 190 + r = 4*q. Is q a composite number?
True
Suppose 0 = -4*w + 4*b - 9*b - 167, 2*w + 2*b + 86 = 0. Is (2388/w)/(1/(-4)) a composite number?
False
Suppose 0 = 3*x - 5*x + 634. Is x a composite number?
False
Let y(p) = p**3 + 5*p**2 + 14*p + 15. Is y(7) a composite number?
False
Suppose -2*y - 62 = -1836. Is y composite?
False
Is 869 - (6/10 - (-15)/(-25)) a composite number?
True
Suppose -11526 = -4*t - 2*t. Is t a prime number?
False
Let x(v) = 3*v**2 - 25*v - 13. Is x(-10) a prime number?
False
Let k = -3 + 11. Suppose -6*n + 2*n - k = 0. Is (-3 - (-93)/(-6))*n a composite number?
False
Let n(t) = -2*t + 1. Let w be n(-1). Suppose -2*g = -3*g + 3*v + 14, 5*g + w*v - 124 = 0. Is g a composite number?
False
Let y(l) = 84*l**2 + 3*l + 1. Suppose 2*d = 5*d + 6. Is y(d) composite?
False
Suppose -4*a = 7*a - 9031. Is a a prime number?
True
Let h(r) = 0*r**2 - 5 + r + 2*r + r**3 - r**2. Suppose -m + 3 = -l, 0 = -0*m - 3*m + 5*l + 7. Is h(m) prime?
False
Let p(q) = q**2 + 5*q - 13. Is p(12) composite?
False
Suppose -r + 60 = 4*r. Suppose 2*y - r = -2*y. Suppose -y*a - o = o - 133, a - 3*o = 59. Is a a prime number?
True
Let a = -66 - -271. Is a composite?
True
Let f = 6 - 4. Suppose -f*j = -3*i + 23, 5*j + 20 = 5*i - 10. Suppose 0 = 2*q + 3 - i. Is q prime?
False
Suppose 6*v - 339 = 3*v. Suppose -m + 0*m + v = 0. Is m a prime number?
True
Let h be (-2 + 1)/(-1) - 18. Let t(s) = -18*s - 6. Let g be t(5). Let l = h - g. Is l prime?
True
Let r(q) = q**3 + 8*q**2 + 7*q + 4. Let m be r(-7). Suppose -4*d + 0 - 9 = v, -20 = m*d. Suppose n - 4 - v = 0. Is n composite?
True
Let d(j) = -6*j**3 - 1. Let f be d(-1). Suppose 24 = -r + 2*r - 2*w, 0 = f*r - 5*w - 125. Is r a composite number?
True
Let y = -79 - -7. Let x = -7 - y. Suppose 0 = 3*p - 4*k - x, 1 - 2 = -k. Is p prime?
True
Let f(t) = t**2 - 6*t + 9. Is f(10) composite?
True
Suppose -2*d - m + 48 = 3*d, -5*d + 3*m + 36 = 0. Suppose -3*h + 18 = 3*i, -i + 12 + d = -4*h. Is i prime?
False
Let w(l) = -l**3 - 5*l**2 + l + 3. Let g be w(-5). Is (1 - g - 8)*-11 prime?
False
Suppose 5*k - 21 = 24. Let d = 12 - k. Suppose 128 = d*v - 67. Is v a composite number?
True
Let n(i) = 29*i**2 + 12*i + 4. Is n(-9) a composite number?
True
Suppose u = 3, 60 = -5*p + 3*u + 2*u. Let t(r) = r**3 + 9*r**2 - 2*r - 7. Is t(p) a prime number?
True
Let w(l) = l**2 + l + 37. Let p(k) = -k**2 - 12*k + 13. Let y(v) = -v - 23. Let b be y(-10). Let o be p(b). Is w(o) a prime number?
True
Suppose 2*b = 4*q + q + 191, b + 5*q = 58. Is b a composite number?
False
Suppose 0 = c + 3 + 2. Let k(v) = v + 4. Let d be k(c). Let l = d - -22. Is l a prime number?
False
Let g(f) = 6*f. Let a be g(1). Suppose 0 = 4*x - 2*w + a*w - 80, x = 3*w + 16. Is x composite?
False
Suppose -6*g = -4724 - 4810. Is g a composite number?
True
Let d be ((-3)/(9/(-78)))/2. Let a = 33 + d. Is a a prime number?
False
Let v(z) = 77*z**2 + 6*z + 9. Is v(-4) composite?
False
Let k(w) = 2 - w + 2*w + 2*w. Let p be k(-4). Let y = 15 - p. Is y a composite number?
True
Suppose 4*g = 4*o + 848, 2*g + 0*g + 5*o - 424 = 0. Suppose 4*f = 2*f + g. Suppose -k - k = -f. Is k a prime number?
True
Suppose 4629 = 5*h + 944. Is h a prime number?
False
Suppose 3*m + 2*h = 5223, -3034 = -5*m - h + 5664. Is m 